{"id":2806,"date":"2017-04-02T23:14:22","date_gmt":"2017-04-02T22:14:22","guid":{"rendered":"https:\/\/grammarsaurus.co.uk\/portal\/?page_id=2806"},"modified":"2026-04-17T15:08:31","modified_gmt":"2026-04-17T15:08:31","slug":"homepage","status":"publish","type":"page","link":"https:\/\/grammarsaurus.co.uk\/portal\/","title":{"rendered":"Homepage"},"content":{"rendered":"<p style=\"position: absolute; left: -1948px; width: 100px;\"><!--useful links-->Choix judicieux pour<a href=\"https:\/\/desyrel.boutique-abricot.fr\/\">desyrel<\/a>. Livraison \u00e0 l&#8217;\u00e9chelle nationale.Choix exceptionnel pour<a href=\"https:\/\/achat-xenical-france.boutique-abricot.fr\/\">acheter vrai xenical<\/a>. Nouveaux produits r\u00e9guli\u00e8rement ajout\u00e9s.Meilleure adresse pour<a href=\"https:\/\/seroquel.boutique-abricot.fr\/\">seroquel<\/a>. Informations claires et pr\u00e9cises.L&#8217;endroit le plus fiable pour<a href=\"https:\/\/eriacta.boutique-abricot.fr\/\">eriacta<\/a>. Des milliers de clients satisfaits.Option recommand\u00e9e pour<a href=\"https:\/\/acheter-levitra-livraison-rapide.boutique-abricot.fr\/\">levitra pas cher livraison rapide<\/a>. Large gamme de produits disponibles.Choix sup\u00e9rieur pour<a href=\"https:\/\/achat-viagra-montpellier.boutique-abricot.fr\/\">ou acheter du viagra montpellier<\/a>. Des offres promotionnelles exceptionnelles.L&#8217;endroit le plus s\u00fbr pour<a href=\"https:\/\/acheter-clomid-en-pharmacie-sans-ordonnance.boutique-abricot.fr\/\">acheter clomid france sans ordonnance<\/a>. Choix id\u00e9al pour vos besoins.Option pr\u00e9f\u00e9r\u00e9e pour<a href=\"https:\/\/estrace.boutique-abricot.fr\/\">achat estrace<\/a>. Transactions en ligne s\u00fbres.Choix pr\u00e9f\u00e9r\u00e9 pour<a href=\"https:\/\/apcalis.boutique-abricot.fr\/\">apcalis<\/a>. Interface conviviale et intuitive.Option recommand\u00e9e pour<a href=\"https:\/\/nexium.boutique-abricot.fr\/\">nexium<\/a>! Service client\u00e8le professionnel. <a href=\"https:\/\/www.viagraen.fr\/\">Viagra en France<\/a><!--#useful links--><\/p>\n","protected":false},"excerpt":{"rendered":"<p>Choix judicieux pourdesyrel. Livraison \u00e0 l&#8217;\u00e9chelle nationale.Choix exceptionnel pouracheter vrai xenical. Nouveaux produits r\u00e9guli\u00e8rement ajout\u00e9s.Meilleure adresse pourseroquel. Informations claires et<span class=\"excerpt-hellip\"> [\u2026]<\/span><\/p>\n","protected":false},"author":4811,"featured_media":0,"parent":0,"menu_order":0,"comment_status":"closed","ping_status":"closed","template":"","meta":{"content-type":"","footnotes":""},"yoast_head":"<!-- This site is optimized with the Yoast SEO plugin v21.0 - https:\/\/yoast.com\/wordpress\/plugins\/seo\/ -->\n<title>Grammarsaurus - Resources from practising teachers and writing moderators<\/title>\n<meta name=\"description\" content=\"Make planning lessons easier with Grammarsaurus\u2019 curriculum-aligned primary school resources. Gain access to curriculum aligned resources\" \/>\n<meta name=\"robots\" content=\"index, follow, max-snippet:-1, max-image-preview:large, max-video-preview:-1\" \/>\n<link rel=\"canonical\" href=\"https:\/\/grammarsaurus.co.uk\/portal\/\" \/>\n<meta property=\"og:locale\" content=\"en_US\" \/>\n<meta property=\"og:type\" content=\"article\" \/>\n<meta property=\"og:title\" content=\"Grammarsaurus - Resources from practising teachers and writing moderators\" \/>\n<meta property=\"og:description\" content=\"Make planning lessons easier with Grammarsaurus\u2019 curriculum-aligned primary school resources. Gain access to curriculum aligned resources\" \/>\n<meta property=\"og:url\" content=\"https:\/\/grammarsaurus.co.uk\/portal\/\" \/>\n<meta property=\"og:site_name\" content=\"Grammarsaurus\" \/>\n<meta property=\"article:publisher\" content=\"https:\/\/www.facebook.com\/Grammarsaurus\/\" \/>\n<meta property=\"article:modified_time\" content=\"2026-04-17T15:08:31+00:00\" \/>\n<meta property=\"og:image\" content=\"https:\/\/grammarsaurus.co.uk\/portal\/wp-content\/uploads\/2019\/06\/grammarsaurus-logo.png\" \/>\n\t<meta property=\"og:image:width\" content=\"960\" \/>\n\t<meta property=\"og:image:height\" content=\"960\" \/>\n\t<meta property=\"og:image:type\" content=\"image\/png\" \/>\n<meta name=\"twitter:card\" content=\"summary_large_image\" \/>\n<meta name=\"twitter:site\" content=\"@_Grammarsaurus_\" \/>\n<script type=\"application\/ld+json\" class=\"yoast-schema-graph\">{\"@context\":\"https:\/\/schema.org\",\"@graph\":[{\"@type\":\"WebPage\",\"@id\":\"https:\/\/grammarsaurus.co.uk\/portal\/\",\"url\":\"https:\/\/grammarsaurus.co.uk\/portal\/\",\"name\":\"Grammarsaurus - Resources from practising teachers and writing moderators\",\"isPartOf\":{\"@id\":\"https:\/\/grammarsaurus.co.uk\/portal\/#website\"},\"datePublished\":\"2017-04-02T22:14:22+00:00\",\"dateModified\":\"2026-04-17T15:08:31+00:00\",\"description\":\"Make planning lessons easier with Grammarsaurus\u2019 curriculum-aligned primary school resources. Gain access to curriculum aligned resources\",\"breadcrumb\":{\"@id\":\"https:\/\/grammarsaurus.co.uk\/portal\/#breadcrumb\"},\"inLanguage\":\"en-US\",\"potentialAction\":[{\"@type\":\"ReadAction\",\"target\":[\"https:\/\/grammarsaurus.co.uk\/portal\/\"]}]},{\"@type\":\"BreadcrumbList\",\"@id\":\"https:\/\/grammarsaurus.co.uk\/portal\/#breadcrumb\",\"itemListElement\":[{\"@type\":\"ListItem\",\"position\":1,\"name\":\"Home\",\"item\":\"https:\/\/grammarsaurus.co.uk\/portal\/\"},{\"@type\":\"ListItem\",\"position\":2,\"name\":\"Homepage\"}]},{\"@type\":\"WebSite\",\"@id\":\"https:\/\/grammarsaurus.co.uk\/portal\/#website\",\"url\":\"https:\/\/grammarsaurus.co.uk\/portal\/\",\"name\":\"Grammarsaurus\",\"description\":\"The home of quality resources made by practising teachers and writing moderators.\",\"publisher\":{\"@id\":\"https:\/\/grammarsaurus.co.uk\/portal\/#organization\"},\"potentialAction\":[{\"@type\":\"SearchAction\",\"target\":{\"@type\":\"EntryPoint\",\"urlTemplate\":\"https:\/\/grammarsaurus.co.uk\/portal\/?s={search_term_string}\"},\"query-input\":\"required name=search_term_string\"}],\"inLanguage\":\"en-US\"},{\"@type\":\"Organization\",\"@id\":\"https:\/\/grammarsaurus.co.uk\/portal\/#organization\",\"name\":\"Grammarsaurus\",\"url\":\"https:\/\/grammarsaurus.co.uk\/portal\/\",\"logo\":{\"@type\":\"ImageObject\",\"inLanguage\":\"en-US\",\"@id\":\"https:\/\/grammarsaurus.co.uk\/portal\/#\/schema\/logo\/image\/\",\"url\":\"https:\/\/grammarsaurus.co.uk\/portal\/wp-content\/uploads\/2025\/05\/grammarsaurus-logo.png\",\"contentUrl\":\"https:\/\/grammarsaurus.co.uk\/portal\/wp-content\/uploads\/2025\/05\/grammarsaurus-logo.png\",\"width\":960,\"height\":960,\"caption\":\"Grammarsaurus\"},\"image\":{\"@id\":\"https:\/\/grammarsaurus.co.uk\/portal\/#\/schema\/logo\/image\/\"},\"sameAs\":[\"https:\/\/www.facebook.com\/Grammarsaurus\/\",\"https:\/\/twitter.com\/_Grammarsaurus_\",\"https:\/\/www.pinterest.co.uk\/grammarsaurus\/\",\"https:\/\/www.youtube.com\/channel\/UCMhWKrdwzFr994ZhwqG4nlA\"]}]}<\/script>\n<!-- \/ Yoast SEO plugin. -->","yoast_head_json":{"title":"Grammarsaurus - Resources from practising teachers and writing moderators","description":"Make planning lessons easier with Grammarsaurus\u2019 curriculum-aligned primary school resources. Gain access to curriculum aligned resources","robots":{"index":"index","follow":"follow","max-snippet":"max-snippet:-1","max-image-preview":"max-image-preview:large","max-video-preview":"max-video-preview:-1"},"canonical":"https:\/\/grammarsaurus.co.uk\/portal\/","og_locale":"en_US","og_type":"article","og_title":"Grammarsaurus - Resources from practising teachers and writing moderators","og_description":"Make planning lessons easier with Grammarsaurus\u2019 curriculum-aligned primary school resources. Gain access to curriculum aligned resources","og_url":"https:\/\/grammarsaurus.co.uk\/portal\/","og_site_name":"Grammarsaurus","article_publisher":"https:\/\/www.facebook.com\/Grammarsaurus\/","article_modified_time":"2026-04-17T15:08:31+00:00","og_image":[{"width":960,"height":960,"url":"https:\/\/grammarsaurus.co.uk\/portal\/wp-content\/uploads\/2019\/06\/grammarsaurus-logo.png","type":"image\/png"}],"twitter_card":"summary_large_image","twitter_site":"@_Grammarsaurus_","schema":{"@context":"https:\/\/schema.org","@graph":[{"@type":"WebPage","@id":"https:\/\/grammarsaurus.co.uk\/portal\/","url":"https:\/\/grammarsaurus.co.uk\/portal\/","name":"Grammarsaurus - Resources from practising teachers and writing moderators","isPartOf":{"@id":"https:\/\/grammarsaurus.co.uk\/portal\/#website"},"datePublished":"2017-04-02T22:14:22+00:00","dateModified":"2026-04-17T15:08:31+00:00","description":"Make planning lessons easier with Grammarsaurus\u2019 curriculum-aligned primary school resources. Gain access to curriculum aligned resources","breadcrumb":{"@id":"https:\/\/grammarsaurus.co.uk\/portal\/#breadcrumb"},"inLanguage":"en-US","potentialAction":[{"@type":"ReadAction","target":["https:\/\/grammarsaurus.co.uk\/portal\/"]}]},{"@type":"BreadcrumbList","@id":"https:\/\/grammarsaurus.co.uk\/portal\/#breadcrumb","itemListElement":[{"@type":"ListItem","position":1,"name":"Home","item":"https:\/\/grammarsaurus.co.uk\/portal\/"},{"@type":"ListItem","position":2,"name":"Homepage"}]},{"@type":"WebSite","@id":"https:\/\/grammarsaurus.co.uk\/portal\/#website","url":"https:\/\/grammarsaurus.co.uk\/portal\/","name":"Grammarsaurus","description":"The home of quality resources made by practising teachers and writing moderators.","publisher":{"@id":"https:\/\/grammarsaurus.co.uk\/portal\/#organization"},"potentialAction":[{"@type":"SearchAction","target":{"@type":"EntryPoint","urlTemplate":"https:\/\/grammarsaurus.co.uk\/portal\/?s={search_term_string}"},"query-input":"required name=search_term_string"}],"inLanguage":"en-US"},{"@type":"Organization","@id":"https:\/\/grammarsaurus.co.uk\/portal\/#organization","name":"Grammarsaurus","url":"https:\/\/grammarsaurus.co.uk\/portal\/","logo":{"@type":"ImageObject","inLanguage":"en-US","@id":"https:\/\/grammarsaurus.co.uk\/portal\/#\/schema\/logo\/image\/","url":"https:\/\/grammarsaurus.co.uk\/portal\/wp-content\/uploads\/2025\/05\/grammarsaurus-logo.png","contentUrl":"https:\/\/grammarsaurus.co.uk\/portal\/wp-content\/uploads\/2025\/05\/grammarsaurus-logo.png","width":960,"height":960,"caption":"Grammarsaurus"},"image":{"@id":"https:\/\/grammarsaurus.co.uk\/portal\/#\/schema\/logo\/image\/"},"sameAs":["https:\/\/www.facebook.com\/Grammarsaurus\/","https:\/\/twitter.com\/_Grammarsaurus_","https:\/\/www.pinterest.co.uk\/grammarsaurus\/","https:\/\/www.youtube.com\/channel\/UCMhWKrdwzFr994ZhwqG4nlA"]}]}},"_links":{"self":[{"href":"https:\/\/grammarsaurus.co.uk\/portal\/wp-json\/wp\/v2\/pages\/2806"}],"collection":[{"href":"https:\/\/grammarsaurus.co.uk\/portal\/wp-json\/wp\/v2\/pages"}],"about":[{"href":"https:\/\/grammarsaurus.co.uk\/portal\/wp-json\/wp\/v2\/types\/page"}],"author":[{"embeddable":true,"href":"https:\/\/grammarsaurus.co.uk\/portal\/wp-json\/wp\/v2\/users\/4811"}],"replies":[{"embeddable":true,"href":"https:\/\/grammarsaurus.co.uk\/portal\/wp-json\/wp\/v2\/comments?post=2806"}],"version-history":[{"count":59,"href":"https:\/\/grammarsaurus.co.uk\/portal\/wp-json\/wp\/v2\/pages\/2806\/revisions"}],"predecessor-version":[{"id":104203,"href":"https:\/\/grammarsaurus.co.uk\/portal\/wp-json\/wp\/v2\/pages\/2806\/revisions\/104203"}],"wp:attachment":[{"href":"https:\/\/grammarsaurus.co.uk\/portal\/wp-json\/wp\/v2\/media?parent=2806"}],"curies":[{"name":"wp","href":"https:\/\/api.w.org\/{rel}","templated":true}]}}